**3/2 - 2*p**2 - 8*p. Suppose 3*t - 5*f + 0*f = -29, 5*t - 3*f = -27. List the prime factors of u(t).
5
Let a(m) = -51*m**3 - 4*m**2 + 4*m + 2. Let z be a(-4). Let v be 4/22 - z/(-22). Suppose -11*k + v = -6*k. What are the prime factors of k?
29
Let f(m) = -m**3 + 2*m**2 - m + 3. Let j be f(4). Let h = j - -35. List the prime factors of h.
2
List the prime factors of (-4)/36 - 776/(-18).
43
What are the prime factors of (5 - (-20)/(-5))*1257?
3, 419
What are the prime factors of ((-11145)/(-50))/(1/10)?
3, 743
Suppose 72 + 12 = 3*f. Suppose -f = 5*s - 12*s. Suppose 2*k + 5*j + 3 - 15 = 0, -s*k + 2*j = -24. What are the prime factors of k?
2, 3
Suppose -15*c + 9*c + 3528 = 0. List the prime factors of c.
2, 3, 7
Suppose -35*y + 7478 = -13487. What are the prime factors of y?
599
Let n = 38 - 41. Let w(g) = -4*g**3 - 3*g**2 + g + 6. What are the prime factors of w(n)?
2, 3, 7
Suppose 2*p - 8*l + 11*l = 395, l + 3 = 0. What are the prime factors of p?
2, 101
Suppose -10*b - 5*m - 1834 = -12*b, -911 = -b + m. What are the prime factors of b?
907
Let x be 17/(-68) + 0 + 9/4. Suppose -l - 2*i + 55 = i, 0 = x*l + 3*i - 98. List the prime factors of l.
43
Suppose y - 594 = -y - 5*g, 0 = y - g - 297. Suppose y = -2*x + 5*x. List the prime factors of x.
3, 11
Let n(r) = r**3 + 21*r**2 + 42*r - 5. What are the prime factors of n(-8)?
491
Let d(u) = 5*u**2 + u - 11. Let q be d(-6). List the prime factors of (-3)/2 - q/(-2).
2, 5
Let b = -39 - -1506. List the prime factors of b.
3, 163
Suppose 5*j = -g - 18, 3*g = -3*j - 72 - 30. Let k be 2*((-162)/(-4) - 2). Let n = k + g. What are the prime factors of n?
3, 13
Let p(b) = b**3 + 9*b**2 + 5*b + 10. Suppose 0 = 3*n + y + y - 28, 4*y = 2*n + 8. Let m = -14 + n. What are the prime factors of p(m)?
2, 17
Let f = -35 - -35. Suppose 3*m = 0, 4*m = -f*t - 4*t + 332. List the prime factors of t.
83
Suppose 2*y - 36 = -10*y. Suppose 2*q = -5*f + 24, -5*f + 26 = 5*q - f. What are the prime factors of y - (q - (6 + 2))?
3
List the prime factors of (-5270)/(-18) + (-13)/(936/(-16)).
293
Let t = -58 - -96. Let k = t - 21. What are the prime factors of k?
17
Let o = 26 - 17. List the prime factors of -70*(3 - 6)*3/o.
2, 5, 7
Let n(z) be the third derivative of 1/8*z**4 - 1/6*z**3 + 0*z + 1/6*z**5 + 2*z**2 + 0. What are the prime factors of n(2)?
3, 5
What are the prime factors of 2/6 + (2 - (-102950)/30)?
2, 17, 101
Let i = 767 + -389. What are the prime factors of i?
2, 3, 7
Let k = -4 + 0. Let u be k/(-18) + 302/18. Suppose 0 = -5*a - u + 137. What are the prime factors of a?
2, 3
Let p(v) = 22*v + 2. Suppose -y = y - u - 1, -2*u + 13 = y. What are the prime factors of p(y)?
2, 17
Let l be (-117)/(-18) + 1/(-2). Suppose 0 = -l*d + 14*d - 320. List the prime factors of d.
2, 5
Let w = 23 + -3. Let u(i) = i**3 + 12*i**2 - 28*i + 5. Let j be u(-14). Suppose 1 = -k - l + 6, -j*l - w = -4*k. List the prime factors of k.
5
Let r(y) = 2489*y + 55. What are the prime factors of r(2)?
7, 719
Suppose -5*l + 3*p - 5 = 0, 6*l + 7 = 2*l + 3*p. Let c be l/(-3)*45/(-10). Suppose 6*s - c*s = 33. List the prime factors of s.
11
Suppose 2*p - 245 - 618 = c, -3*c = p - 414. List the prime factors of p.
3, 11, 13
Suppose s + 0*g - 14 = -2*g, -2*s + 3*g = 7. Suppose -s*x - 2*k = -0*k + 90, -9 = -3*k. Let h = -18 - x. List the prime factors of h.
2, 3
Suppose -2*w + 133 = -x, 4*x + 100 = 5*w - 417. Let s = 213 + x. Suppose -s - 3 = -3*d. List the prime factors of d.
31
Let l(w) = -38*w**2 - 1 - 2*w + 38*w**2 + 4*w**3. Let a be l(-1). List the prime factors of 28/21 - 107/a.
37
Let z(r) = -r**2 + 9*r. Let j be z(4). Let q = j + -16. What are the prime factors of q?
2
Let m = 490 - 423. What are the prime factors of m?
67
Let x = 36 + 9. Let o be (-2)/(-8) - (-33)/12. Suppose x = o*u - 0*u. List the prime factors of u.
3, 5
Let w(i) = -2*i**2 - 36*i + 2. What are the prime factors of w(-4)?
2, 3, 19
Let d = -2 - -7. Suppose 23 = 4*s + d*p, 2*s = -0*s + p + 1. Suppose s*l + 164 = 5*o, 114 = 4*o - l - 19. What are the prime factors of o?
2, 17
Suppose 0 = 7*r - 17*r + 22200. List the prime factors of r.
2, 3, 5, 37
Let y = 25 + -137. Let z = -74 - y. What are the prime factors of z?
2, 19
Let x(c) = 19*c**2 + 47*c - 331. What are the prime factors of x(8)?
13, 97
Suppose 0*h - 4*b = 3*h + 90, 92 = -4*h + 4*b. Let u = h + 70. List the prime factors of u.
2, 11
Let w = 1 + 0. Let r(o) be the second derivative of 5*o**5/4 + o**4/12 + o**3/6 - o**2/2 + o - 48. What are the prime factors of r(w)?
2, 13
Suppose 5*k - 28 = -2*l - 9, -4*l - 1 = -3*k. Suppose k*y + 2*y = 140. List the prime factors of -3 + 0/(-3) + y.
5
Suppose 3 = -2*i + 1. Let d be (i/(-2))/((-6)/(-12)). List the prime factors of 3/d*(1 + 2).
3
What are the prime factors of (-40)/(-10) + 14252/4 + 0?
3, 29, 41
Suppose -1 + 16 = 5*z. Suppose 0 = -z*l + 5*j + 175, -8 - 8 = -4*j. What are the prime factors of l?
5, 13
Let q(f) = -f**3 - 3*f**2 - 4. Let i be q(-3). Let y(r) = r**2 + 1049 - 4*r + 1051 - 2103. What are the prime factors of y(i)?
29
Suppose 13 - 3 = 2*j. Suppose 3*p - 3*g = 60 + 84, j*p = 4*g + 236. List the prime factors of p.
2, 11
Suppose 16*s - a + 1456 = 18*s, 3*s - 2162 = 4*a. What are the prime factors of s?
2, 3, 11
Let s(a) = 16*a**2 - a + 7. Let d(f) = -32*f**2 + 3*f - 14. Let c(n) = -3*d(n) - 5*s(n). What are the prime factors of c(3)?
139
Let v be 1/2*0/(-2). Suppose 2*s - 2 + 0 = v. List the prime factors of s*(0 + -2 - -20).
2, 3
Suppose 4*g - 33 = 4*j + 3, 4*g + 4*j - 12 = 0. Let x = -6 + g. Suppose -5*k = -x*k - 25. List the prime factors of k.
5
Suppose 0 = -47*a + 7287 + 87747. What are the prime factors of a?
2, 3, 337
Let i be (-263)/(-11) + 32/352. Suppose h = 7 + 2. Suppose -i = -k + h. What are the prime factors of k?
3, 11
Suppose 0 = 9*o - 7*o - 10. Suppose -o = j, 4*m - 6*j - 269 = -j. What are the prime factors of m?
61
Let x = -241 + 591. Suppose -2*u + x = 5*u. List the prime factors of u.
2, 5
Let r(g) = g**3 - 21*g**2 - 43*g + 41. Let q be r(23). Let f = -78 + q. What are the prime factors of f?
2
Suppose -3*j - 8 = -20. Let n be ((-3)/j)/(9/(-24)). Suppose n*c - 8 = 2*k, 9 - 50 = -5*c - 2*k. List the prime factors of c.
7
Let q = -78 - -78. Suppose -f + 2 + 3 = q, -4*t + 27 = 3*f. List the prime factors of t.
3
Let g = 6 - -242. Suppose -3*d = 6, -5*d + g = 3*h + 39. List the prime factors of h.
73
Let k = 138 + -90. Suppose 34 + k = 2*a. List the prime factors of a.
41
Let r be (0 - 150)*28/(-70). Let u = r - 32. List the prime factors of u.
2, 7
Suppose -2*j - 8 = -16. Suppose 4*g + j = 3*g. List the prime factors of g + 5 + (-1 - -17).
17
Suppose 0 = -3*x + 328 + 212. Let n = 8 - 3. Suppose 3*l - 180 = -n*g + l, 3*l = 5*g - x. List the prime factors of g.
2, 3
Let w = 664 - 40. Suppose 10*s - w = 2*s. List the prime factors of s.
2, 3, 13
Let i(p) = p**3 - 9*p**2 - 6*p + 1. Suppose 17 + 1 = 2*c. Let b be i(c). Let d = -38 - b. What are the prime factors of d?
3, 5
Let h(x) = -19*x**3 - 5*x**2 + 8*x + 39. List the prime factors of h(-6).
3, 5, 29
Suppose 2*j = -11*z + 7*j + 10633, 5*z - 4846 = -2*j. List the prime factors of z.
2, 11
Let u be 3 + 12 + 1*2. Suppose 4 = -2*z, -2*i + 25 = -5*i + z. Let w = u + i. What are the prime factors of w?
2
Suppose -8 = -3*h + h. Suppose -484 = -h*c - p - 0*p, 0 = -3*c - p + 364. Let y = -71 + c. List the prime factors of y.
7
Let y(v) = -v + 7. Let g = 9 + -4. Suppose -27 = -g*k + 2*n - 4*n, 0 = k - 3*n - 2. List the prime factors of y(k).
2
Let z(x) = x**3 - 6*x**2 - 11*x + 9. Let k be z(7). Let i = 23 + k. Suppose 0 = -v + 5*o + 2, -i*o + 9 - 65 = -4*v. What are the prime factors of v?
17
Suppose -22*d = -6*d - 2704. What are the prime factors of d?
13
Suppose 0 = -37*p - 20035 + 136918. What are the prime factors of p?
3, 13
Let h(j) = j**3 + 5*j**2 + 3*j + 2. Suppose 5*b + 6 = -f - 3*f, -b = -4*f - 18. What are the prime factors of h(f)?
2, 3
Suppose 42 = 2*p + 5*m, p - 2*m - 7 = 23. Let h = p - -99. What are the prime factors of h?
5
Let n = -71 - -120. Let h = n - -19. What are the prime factors of h?
2, 17
Let q be (-6 - -211) + 0 + 0. Suppose 0 = -3*j - 2*j + q. What are the prime factors of j?
41
Let q(p) = 5*p**2 + 4*p. Let d(z) = z**2 + z. Let v(i) = 6*d(i) - q(i). Let w be v(-3). Let 